at is the value of -11 - 1 - -3 - -15?
6
Calculate 63 + -27 + -40 + 0.
-4
What is the value of 46 + -92 + 59 - (1 + 9)?
3
What is the value of (5 - 2) + 89 + -94?
-2
What is the value of -6 + 5 + 5 + -10 + -7?
-13
Calculate (20 - 3 - 18) + 11 + 5.
15
Calculate (-4 + 10 + -8 - (12 - -1)) + 6.
-9
9 + -1 - (-13 + 18 + 4)
-1
Calculate 2 + 3 + -7 + 4 + (-4 - -2).
0
Calculate -120 + 132 + (0 - 8).
4
Calculate -11 + (3 - (-25 + 10)).
7
What is the value of 37 - (-10 - 9 - -5 - -12)?
39
(-23 + 26 - 3) + (0 - -17) + 11
28
What is the value of 3 + -2 + 2 - (-9 + 22 + -8)?
-2
What is the value of 33 - ((29 - 16) + 1) - (0 + 5)?
14
Calculate 0 + -1 - (19 - (0 + 12)).
-8
Evaluate 17 - -16 - 25 - 31.
-23
Evaluate (-17 - -23) + 7 - 12.
1
(5 - 13) + 1 - (0 + 2 + -13)
4
What is the value of (7 - 14 - 2 - 5) + (2 - -3)?
-9
Evaluate 9 + -26 - (21 + -37).
-1
What is (-18 - -12) + (22 - (0 - -5) - -1)?
12
What is the value of 13 - (9 + (-12 - -1) + -6)?
21
What is the value of 11 + -6 + -13 - (9 + -25)?
8
What is the value of -2 - -1 - (-11 + 28 + 2 + -2)?
-18
20 + (6 + -2 + -13 - -4)
15
What is (5 - (-5 - -6)) + (5 - -3 - 7)?
5
What is the value of (3 + -2 + 2 - 3 - 28) + 10?
-18
What is -7 + 1 + (-8 - -10) + 22?
18
Calculate 24 - 26 - (11 - (-3 - -4)).
-12
Calculate (-6 - (5 + -11)) + (4 - (2 - 5)).
7
13 + (-8 - -11) - 4
12
Evaluate 5 + (0 - (6 + -11 + (4 - -1))).
5
What is the value of -25 + -2 + 12 + 5?
-10
Evaluate 1 + 2 - (2 - 7 - 0).
8
Calculate -1 - (-12 - (2 - 18)).
-5
What is the value of 11 - (3 - (12 - 9) - 0)?
11
What is ((-8 - -12) + -3 - 4) + 1?
-2
(-24 - 16) + (-4 - (-9 + -9))
-26
14 + 4 + 2 + (-18 - -4) + 8
14
Calculate -8 - ((10 - 29) + (5 - -7)).
-1
What is the value of 9 + -14 + 6 + 11 + -8?
4
23 + -30 + 8 - 20
-19
Calculate 1 + 9 + -111 + 92.
-9
Evaluate (-2 - (-3 + (1 - -3 - 3))) + -3.
-3
What is ((3 - (8 + -5)) + -7 - -15) + -15?
-7
What is the value of 7 - 0 - (-30 + 84 - 19)?
-28
0 + 5 + (-341 - -337) - -29
30
Evaluate -9 + (-12 - -24 - (7 - 5)).
1
(4 - -1) + (21 - 12) + (4 - 2)
16
Evaluate -18 + (31 + (-10 - 0) - 10).
-7
Evaluate (-1 - 6) + (25 - 26) + 11 + 1.
4
Evaluate 6 + -16 + 16 + -11.
-5
Evaluate 12 + (-11 - -1) - -7 - 5.
4
Calculate -2 + -1 - -3 - (5 - 5).
0
-6 + 3 + 1 + (0 - -4) - -5
7
What is the value of (1 - (-16 - -11)) + 6?
12
Evaluate (24 + -1 - (-1 + (7 - 2))) + -7.
12
What is 4 + -5 - (32 - 8)?
-25
What is the value of -12 + 71 + (14 - 56)?
17
Calculate -6 + 0 + 6 + -1 + -9.
-10
1 + (0 - 19) + (16 - 10)
-12
6 - (19 + -10) - -14
11
What is the value of (1 - -3) + -3 + (-4 - (-6 - 0))?
3
Evaluate 7 - (-24 + 15 + 14).
2
6 + (-4 - -2) + 1 + 2 + 8
15
What is the value of (-60 - -62) + (5 + 1 - 1)?
7
What is -13 + -2 + 13 + -14 + 11?
-5
What is the value of 8 - (10 - (-15 + 5 + 13))?
1
Evaluate -3 + 3 + (0 - -3) + -1 + -3.
-1
What is the value of 0 - 0 - -1 - ((12 - -3) + -19)?
5
Calculate 2 - 12 - (359 - 349).
-20
Calculate (-6 - 3) + (-6 - -6 - 5).
-14
What is -3 + 4 + -9 + (-4 - 2) + 19?
5
Evaluate (8 + -31 - -11) + 22.
10
Calculate 12 + -4 + 2 + -6 + 2 - 7.
-1
Evaluate -6 + -8 + 81 + -45.
22
What is 22 - (7 + (8 - (13 + -3)) + 2)?
15
What is (-3 - ((1 - 0) + -5)) + 8?
9
Calculate 6 - ((1 - -5) + (-18 - -7)).
11
(-43 - -22) + 17 + (-2 - -1)
-5
What is the value of (-9 + 19 - -2) + -11?
1
Evaluate 5 - (-1 + 8 - 9) - 8.
-1
What is (-8 - (-5 + -1 + -2)) + -6?
-6
What is -3 + (4 + -3 + -4 - -10)?
4
Calculate (-8 - 0) + 28 + -33 + 28.
15
What is (-5 - 1) + -8 - -10 - (8 + 0)?
-12
-8 + (20 - (-15 - -32))
-5
What is (-1098 - -1101) + 0 + (0 - -1)?
4
Evaluate 13 + (2 - 15) - -1.
1
Calculate (2 - (-23 - -30)) + -2 + (-2 - -1).
-8
What is the value of 16 + -10 - 6 - 10?
-10
Evaluate -2 + 6 + -6 + 1 + 3.
2
Evaluate (-2 + (12 - 7) + -3 - 7) + -1.
-8
(-1 + 17 + -6 - 36) + 10
-16
What is -12 - -39 - 22 - 18?
-13
Evaluate 9 + (-1 + -7 - -4) + 3.
8
What is the value of 1 + -7 + 8 + 13 - -7?
22
Evaluate -2 + 0 + 5 - -1 - (-91 - -95).
0
What is the value of -26 + (17 + 9 - 28)?
-28
Calculate 13 - (-14 + 14) - 31 - 6.
-24
What is 51 + -33 - (-8 - -13)?
13
What is the value of -13 + -1 + 6 - -8?
0
Evaluate 19 - (-32 - (-51 - -24)).
24
Calculate (179 - 175) + 3 + -9 + 3.
1
(2 - 3 - 2) + -7 + 21
11
11 - (-7 + (9 - -3)) - 12
-6
What is the value of -247 - -242 - (-1 - -6)?
-10
What is the value of (2 + -1 - (3 - 1)) + (216 - 213)?
2
What is 41 - (28 - 26) - 27?
12
Calculate 3 + -8 + -14 + 8 + 11.
0
Calculate -2 + 4 + 3 + (-9 - 7 - -3).
-8
What is the value of 0 + 1 - (-1 - 0 - -1) - -11?
12
What is (-6 - (-12 - 6)) + 22 + -26?
8
What is -12 + -1 + 8 + 5 - 2?
-2
What is the value of 5 - (-1 + -5 + (20 - 12)) - -21?
24
Evaluate -60 + 45 - (-20 + 6).
-1
8 - -1 - 21 - -4
-8
Calculate (1 - (2 + (-5 - 2) + 2)) + -22.
-18
What is -4 + 11 + -21 + 21 + 9 + -7?
9
What is (-3 - 1) + (90 + -66 - (-1 - -6))?
15
Calculate -6 - (2 - (6 + 0 - -7)).
5
Evaluate -25 + -1 + -8 + -27 + 35.
-26
-2 + 0 + 4 + -3
-1
What is -18 + (-12 - -9 - -41) + 8?
28
What is -5 + (12 - 8) - -2 - 7?
-6
-10 + (-18 - -9) - -8
-11
Evaluate 33 - (-16 - (-63 + 26)).
12
What is (-21 - 11 - -6) + -1?
-27
Calculate 45 - 19 - 19 - 21.
-14
What is the value of 6 + (24 - 25) + -11?
-6
Calculate 27 - ((-9 - (16 - 12)) + 17).
23
What is the value of -26 + -5 + 62 + -20?
11
Evaluate 12 - 0 - (544 - 531).
-1
Calculate -37 - -48 - (-2 - -4 - -1).
8
-23 + (7 + -10 - -42)
16
-34 - -39 - (6 - 2)
1
Calculate (0 + -2 - (33 - 29)) + 14.
8
Evaluate 4 + (2 - (6 + -8)) + -5.
3
Evaluate (-12 + 26 - 24) + 35.
25
What is the value of (-16 - -14 - -40) + -10?
28
Calculate -28 + 10 - -4 - (0 + -2).
-12
Calculate (135 - 138) + -11 + -1.
-15
-5 + 11 + -7 + -37 + (2 - -7)
-29
Calculate 81 + -105 + 21 + -1.
-4
Calculate (-28 - -16) + -3 + -14 + -1.
-30
What is the value of -16 - (-7 + 18 + -1 - 29)?
3
What is the value of (5 + 1 - 6) + -5 + 5?
0
13 - 45 - -6 - -14
-12
Calculate (368 - 374) + (0 - (-5 + 2 + -2)).
-1
What is the value of 3 + -2 + 6 - (10 - (13 - 1))?
9
Calculate 18 + (13 - 15) + 0.
16
Evaluate (2 + -1 - 8) + (-6 - (3 + 0)).
-16
Evaluate -10 + 50 - (-1 - -24).
17
What is the value of 2 + (1 - 2) - (3 + 2) - -7?
3
Calculate 44 + -34 + (-17 - -3) - -20.
16
Calculate (6 - 11) + (-2 - 2) + 0.
-9
What is 11 - ((4 - -4) + -2)?
5
What is the value of (-15 - -1) + -19 + (7 - -3)?
-23
What is 14 + 0 + -9 - (2 - (7 + 0))?
10
(-1 - (-4 - 2)) + -7 + (-4 - -13)
7
What is 1 - (2 + 0) - (38 - 38) - 6?
-7
-7 + 18 + -14 + -5 + (0 - -7)
-1
Evaluate 3 - (-14 - -15) - 21.
-19
What is the value of 6 - ((1 + 0 - 1 - 6) + 5)?
7
What is the value of (-10 - (-11 - 18)) + -8?
11
-14 - (11 - (12 + -6 - (-9 - 0)))
-10
Evaluate 0 + 1 + (-1 + -2 - (-5 + 5)).
-2
(0 + -15 - (0 + (-5 - 3))) + 10
3
Evaluate -6 + (3 - (9 + -9)) + 7.
4
Calculate (2 - -3 - 7 - -8) + -3 - -1.
4
(5 - (23 + -59)) + -37
4
Evaluate 2 + 10 + -6 + -7.
-1
What is -2 - (-21 + 7) - 15?
-3
What is 5 + (-6 - -2) + (-9 - -9) - -16?
17
-1 - (6 + (-1 - 15) + (32 - 34))
11
Calculate 49 + (-16 - (-16 - (-19 - -6))).
36
Evaluate 1 + -30 - (193 + -213).
-9
What is (-15 - (-4 - 2)) + -25 + 23?
-11
-1 - ((-31 - -43) + -19)
6
Evaluate -5 + (7 - 14 - (-13 + 5 - -5)).
-9
Calculate -14 - (-2 - -1) - (18 + -57 - -28).
-2
What is the value of (5 - 20) + 12 + -2 + -8?
-13
-13 + (-2 - 7) + (-9 - -12) - 0
-19
What is 21 + (-40 - -17) - 3?
-5
Calculate -29 + 66 + -10 + 5 + (0 - 4).
28
What is (-3 - 1) + 0 - (6 + -9 + -10)?
9
-48 - -49 - (-3 + (-13 - -2))
15
(-6 - -7) + -3 + (4 + 3 - 6)
-1
Evaluate (8 - 0) + 17 - (1 - -8).
16
What is the value of -14 + 13 + -9 + 0?
-10
What is (-5 - 0 - (2 - (20 - 6))) + -12?
-5
What is 5 + -28 - (-16 - -11)?
-18
Calculate (-2 - -9) + (1365 - 1380).
-8
What is the value of (7 - 1) + (41 - 45 - (-3 - -4))?
1
Evaluate 23 - (50 + -33) - (1 + -7).
12
What is -33 - -9 - (-1 - 5)?
-18
What is 11 + -8 + 4 - (-6 - (-1 - 2))?
10
Evaluate -17 - (2 - 5 - 20) - (1 + -12).
17
What is the value of -16 - (16 - 37 - (33 - 15))?
23
What is the value of -7 + 3 + (5 - (12 - 5)) + 9?
3
What is the value of -9 + 3 + 25 + -36?
-17
Evaluate (-4 - -19) + -3 - (28 + -19).
3
18 + -21 + -16 - -17
-2
What is (11 - 49) + 14 - -51?
27
Calculate 22 + -38 + 1 + 20.
5
Calculate -11 + 32 + -28 + -1 + 8 + 0.
0
Calculate (29 - 25) + (-1 - 1) - (-1 - -7).
-4
42 - 50 - (-8 - 5 - -3)
2
Eval